{"id":545,"date":"2023-08-03T09:55:24","date_gmt":"2023-08-03T07:55:24","guid":{"rendered":"https:\/\/www.hebamme-melanie.de\/?page_id=545"},"modified":"2025-12-14T22:32:41","modified_gmt":"2025-12-14T21:32:41","slug":"low-level-laser","status":"publish","type":"page","link":"https:\/\/www.hebamme-melanie.de\/?page_id=545","title":{"rendered":"Low-Level-Laser"},"content":{"rendered":"\n<p>Die Laserbehandlung soll den Zellstoffwechsel anregen und so wie Wundheilung unterst\u00fctzen und f\u00fcr 6-8h eine  schmerzlindernde Wirkung haben. Die Behandlung ist komplett schmerzfrei, der Laser erzeugt keine W\u00e4rme.<br>In der Regel ben\u00f6tigen die meisten Anwendungsgebiete 2-3 Sitzungen (Dauer: ca. 10-15 min.)<\/p>\n\n\n\n<p>Der Softlaser kann in folgenden Bereichen eingesetzt werden:<\/p>\n\n\n\n<ul class=\"wp-block-list\"><li>geburtsvorbereitende Akupunktur (bei Angst vor Nadeln)<\/li><li>wunden oder rissigen Brustwarzen<\/li><li>schlecht heilenden Kaiserschnittn\u00e4hten oder Geburtsverletzungen<\/li><li>wundem Baby-Popo<\/li><\/ul>\n\n\n\n<p>Ort: Die Hebammerei, Juliusstr. 12, 42105 Wuppertal<\/p>\n\n\n\n<p>Die Laserbehandlung ist eine Wahlleistung, die Kosten belaufen sich auf 25\u20ac \/ Sitzung.<br>Du kannst in der Praxis auch mit ec-Karte bezahlen.<\/p>\n\n\n\n<p>Buche Deinen Termin direkt <strong><a rel=\"noreferrer noopener\" href=\"https:\/\/zeeg.me\/hebammemelanie\/\" target=\"_blank\">hier<\/a><\/strong> online.<\/p>\n\n\n\n<p><\/p>\n","protected":false},"excerpt":{"rendered":"<p>Die Laserbehandlung soll den Zellstoffwechsel anregen und so wie Wundheilung unterst\u00fctzen und f\u00fcr 6-8h eine schmerzlindernde Wirkung haben. Die Behandlung ist komplett schmerzfrei, der Laser erzeugt keine W\u00e4rme.In der Regel ben\u00f6tigen die meisten Anwendungsgebiete 2-3 Sitzungen (Dauer: ca. 10-15 min.) Der Softlaser kann in folgenden Bereichen eingesetzt werden: geburtsvorbereitende Akupunktur (bei Angst vor Nadeln) wunden &hellip; <a href=\"https:\/\/www.hebamme-melanie.de\/?page_id=545\" class=\"more-link\">Weiterlesen <span class=\"screen-reader-text\">Low-Level-Laser<\/span><\/a><\/p>\n","protected":false},"author":1,"featured_media":551,"parent":0,"menu_order":0,"comment_status":"closed","ping_status":"closed","template":"","meta":{"footnotes":""},"class_list":["post-545","page","type-page","status-publish","has-post-thumbnail","hentry","with-featured-image"],"_links":{"self":[{"href":"https:\/\/www.hebamme-melanie.de\/index.php?rest_route=\/wp\/v2\/pages\/545","targetHints":{"allow":["GET"]}}],"collection":[{"href":"https:\/\/www.hebamme-melanie.de\/index.php?rest_route=\/wp\/v2\/pages"}],"about":[{"href":"https:\/\/www.hebamme-melanie.de\/index.php?rest_route=\/wp\/v2\/types\/page"}],"author":[{"embeddable":true,"href":"https:\/\/www.hebamme-melanie.de\/index.php?rest_route=\/wp\/v2\/users\/1"}],"replies":[{"embeddable":true,"href":"https:\/\/www.hebamme-melanie.de\/index.php?rest_route=%2Fwp%2Fv2%2Fcomments&post=545"}],"version-history":[{"count":11,"href":"https:\/\/www.hebamme-melanie.de\/index.php?rest_route=\/wp\/v2\/pages\/545\/revisions"}],"predecessor-version":[{"id":2182,"href":"https:\/\/www.hebamme-melanie.de\/index.php?rest_route=\/wp\/v2\/pages\/545\/revisions\/2182"}],"wp:featuredmedia":[{"embeddable":true,"href":"https:\/\/www.hebamme-melanie.de\/index.php?rest_route=\/wp\/v2\/media\/551"}],"wp:attachment":[{"href":"https:\/\/www.hebamme-melanie.de\/index.php?rest_route=%2Fwp%2Fv2%2Fmedia&parent=545"}],"curies":[{"name":"wp","href":"https:\/\/api.w.org\/{rel}","templated":true}]}}