{"id":414,"date":"2019-02-18T13:25:27","date_gmt":"2019-02-18T12:25:27","guid":{"rendered":"https:\/\/www.hebamme-melanie.de\/?page_id=414"},"modified":"2026-04-20T14:58:02","modified_gmt":"2026-04-20T12:58:02","slug":"kurse","status":"publish","type":"page","link":"https:\/\/www.hebamme-melanie.de\/?page_id=414","title":{"rendered":"Kurse"},"content":{"rendered":"<p><strong>prenatal\u00b3 &#8211; Geburtsvorbereitung f\u00fcr Paare mit Hypnobirth, Yoga und Massage\u200b<\/strong><br \/>Dieser Kurs bietet eine intensive Vorbereitung auf die Geburt: Hypnobirth hilft bei der mentalen Vorbereitung, Yoga stimmt gezielt den K\u00f6rper und auch Dein Baby auf die bevorstehende Geburt ein und verschiedene Massagetechniken (durch den Partner) unterst\u00fctzen die letzten Wochen vor und w\u00e4hrend Geburt.\u00a0<br \/><a href=\"https:\/\/www.hebamme-melanie.de\/?page_id=2156\"><em>mehr erfahren<\/em><\/a><\/p>\n<p>Kursort: Die Hebammerei, Juliusstr. 12 in 42105 Wuppertal.<br \/>Kosten: 380,- Inkl. Handout fu\u0308r die Yoga-\u00dcbungen, Videoanleitung fu\u0308r die Massage und einer Audio-Datei fu\u0308r das Hypnobirth. Der Kurs kann nicht direkt mit der Krankenkasse abgerechnet werden.<\/p>\n<p><strong>prenatal\u00b3\u00a0&#8211; effektive Geburtsvorbereitung f\u00fcr Paare mit Hypnobirth, Yoga\u00a0und Massage\u200b<br \/><\/strong>Termine mit Partner:<br \/>2 x Mo. 18-20 Uhr, 17.08. und 31.08.2026\u00a0<br \/>1 x Sa. 10-14 Uhr, 22.08.2026<br \/>Termine geburtsvorbereitendes Yoga &amp; Hypnobirth:<br \/>5 x Mo. 18.30-19.30 Uhr, 24.08. \/ 07.09. \/ 14.09. \/ 21.09. \/ 28.09.2026<br \/><a href=\"https:\/\/melanie.mymiya.de\/courses\/#course\/select\/0000\" target=\"_blank\" rel=\"noopener\">Hier verbindlich anmelden.<\/a><\/p>\n<p><strong>prenatal\u00b3\u00a0&#8211; effektive Geburtsvorbereitung f\u00fcr Paare mit Hypnobirth, Yoga\u00a0und Massage\u200b<br \/><\/strong>Termine mit Partner:<br \/>2 x Mo. 18-20 Uhr, 11.01. und 25.01.2027\u00a0<br \/>1 x Sa. 10-14 Uhr, 16.01.2027<br \/>Termine geburtsvorbereitendes Yoga &amp; Hypnobirth:<br \/>5 x Mo. 18.45-19.45 Uhr, 01.02. \/ 08.02. \/ 15.02. \/ 22.02. \/ 01.03.2027 (Ersatztermin: 08.03.2027)<br \/><a href=\"https:\/\/melanie.mymiya.de\/courses\/#course\/select\/0000\" target=\"_blank\" rel=\"noopener\">Hier verbindlich anmelden.<\/a><\/p>\n<p>\u00a0<\/p>\n<p><b>Weitere, externe Anbieter:<\/b><br \/><a href=\"https:\/\/www.hebammerei.de\/leistungen#kurse\" target=\"_blank\" rel=\"noopener\">Die Hebammerei<\/a> bietet mehrere Arten von Geburtsvorbereitung &amp; R\u00fcckbildung im Mirker Quartier an<br \/><a href=\"https:\/\/hebamme-wuppertal-anne-henkels.de\/angebot\/kurse\/\" target=\"_blank\" rel=\"noopener\">Anne Henkels<\/a> (Hebamme) bietet Geburtsvorbereitungskurse wochenweise, als WE-Kurs und speziell f\u00fcr Mehrgeb\u00e4rende an<br \/><a href=\"https:\/\/kikudoo.com\/mein-dorf\/courses\" target=\"_blank\" rel=\"noopener\">MeinDorf<\/a> in Cronenberg bietet Babymassage, Babysteps, R\u00fcckbildungsyoga u.v.m. an<br \/><a href=\"https:\/\/poggemann.hebamio.de\/kursliste\">Stephanie Poggemann<\/a> bietet Yoga (Schwangerschaft \/ R\u00fcckbildung) und klassische R\u00fcckbildungsgymnastik an<\/p>\n<p>Umkreis: <br \/><a href=\"https:\/\/www.hebammenwerk-en.de\/galerie\" target=\"_blank\" rel=\"noopener\">Hebammenwerk EN<\/a> diverse Kurse in der Schwangerschaft, zur R\u00fcckbildung, mit &amp; f\u00fcr Kinder\u00a0<br \/><a href=\"https:\/\/solinger-hebammen.de\/kurse\/\" target=\"_blank\" rel=\"noopener\">Solinger Hebammen<\/a> Geburtsvorbereitung, Schwangerensport, S\u00e4uglingspflege, R\u00fcckbildung &amp; Babymassage \u00a0<br \/><a href=\"https:\/\/www.mind-body-spa.de\/kurse-events\/\" target=\"_blank\" rel=\"noopener\">Hebammenpraxis YARA<\/a>\u00a0diverse Kurse in und nach der Schwangerschaft an<br \/><a href=\"https:\/\/www.babyzeit-velbert.de\/kurse\">Babyzeit<\/a>: diverse Pr\u00e4ventionskurse in \/ nach der Schwangerschaft und f\u00fcr \/ mit Baby in Velbert-Neviges<\/p>\n\n\n<p><\/p>\n","protected":false},"excerpt":{"rendered":"<p>prenatal\u00b3 &#8211; Geburtsvorbereitung f\u00fcr Paare mit Hypnobirth, Yoga und Massage\u200bDieser Kurs bietet eine intensive Vorbereitung auf die Geburt: Hypnobirth hilft bei der mentalen Vorbereitung, Yoga stimmt gezielt den K\u00f6rper und auch Dein Baby auf die bevorstehende Geburt ein und verschiedene Massagetechniken (durch den Partner) unterst\u00fctzen die letzten Wochen vor und w\u00e4hrend Geburt.\u00a0mehr erfahren Kursort: Die &hellip; <a href=\"https:\/\/www.hebamme-melanie.de\/?page_id=414\" class=\"more-link\">Weiterlesen <span class=\"screen-reader-text\">Kurse<\/span><\/a><\/p>\n","protected":false},"author":1,"featured_media":426,"parent":0,"menu_order":0,"comment_status":"closed","ping_status":"closed","template":"","meta":{"footnotes":""},"class_list":["post-414","page","type-page","status-publish","has-post-thumbnail","hentry","with-featured-image"],"_links":{"self":[{"href":"https:\/\/www.hebamme-melanie.de\/index.php?rest_route=\/wp\/v2\/pages\/414","targetHints":{"allow":["GET"]}}],"collection":[{"href":"https:\/\/www.hebamme-melanie.de\/index.php?rest_route=\/wp\/v2\/pages"}],"about":[{"href":"https:\/\/www.hebamme-melanie.de\/index.php?rest_route=\/wp\/v2\/types\/page"}],"author":[{"embeddable":true,"href":"https:\/\/www.hebamme-melanie.de\/index.php?rest_route=\/wp\/v2\/users\/1"}],"replies":[{"embeddable":true,"href":"https:\/\/www.hebamme-melanie.de\/index.php?rest_route=%2Fwp%2Fv2%2Fcomments&post=414"}],"version-history":[{"count":45,"href":"https:\/\/www.hebamme-melanie.de\/index.php?rest_route=\/wp\/v2\/pages\/414\/revisions"}],"predecessor-version":[{"id":2331,"href":"https:\/\/www.hebamme-melanie.de\/index.php?rest_route=\/wp\/v2\/pages\/414\/revisions\/2331"}],"wp:featuredmedia":[{"embeddable":true,"href":"https:\/\/www.hebamme-melanie.de\/index.php?rest_route=\/wp\/v2\/media\/426"}],"wp:attachment":[{"href":"https:\/\/www.hebamme-melanie.de\/index.php?rest_route=%2Fwp%2Fv2%2Fmedia&parent=414"}],"curies":[{"name":"wp","href":"https:\/\/api.w.org\/{rel}","templated":true}]}}