{"id":39,"date":"2018-10-04T11:46:42","date_gmt":"2018-10-04T11:46:42","guid":{"rendered":"https:\/\/hebammemelanie.wordpress.com\/?page_id=39"},"modified":"2026-01-22T22:23:26","modified_gmt":"2026-01-22T21:23:26","slug":"wochenbett","status":"publish","type":"page","link":"https:\/\/www.hebamme-melanie.de\/?page_id=39","title":{"rendered":"Wochenbett"},"content":{"rendered":"<p>Die erste Zeit als Familie ist gepr\u00e4gt von gegenseitigem Kennenlernen und bringt viele Ver\u00e4nderungen mit sich.\u00a0 Als Hebamme gebe ich den Familien die ben\u00f6tigte Hilfestellung auf ihrem individuellen Weg und informiere zu aufkommenden Fragen, egal ob zum Stillen, zur S\u00e4uglingspflege oder der Elternrolle. Ich \u00fcberwache die Anpassung des Kindes an seine neue Lebensumgebung, sowie die k\u00f6rperliche R\u00fcckbildung der Frau.<\/p>\n<p>Wochenbettbetreuung umfasst den Zeitraum von Geburt des Kindes bis zur 12. Lebenswoche. Auch danach stehe ich bei Fragen zum Stillen oder Stillproblemen, sowie der Beikosteinf\u00fchrung beratend zur Seite.<\/p>\n<p>Sollte sich die Rektusdiastase nicht gut schlie\u00dfen, biete ich ein Check-Up an, wo ich \u00fcberpr\u00fcfe, wie gro\u00df diese ist und kann Ihnen als zertifizierte Tupler Technique\u00ae Therapeutin ein Programm anbieten, um diese zu schlie\u00dfen.<\/p>\n<p>Buche Deinen Termin direkt <strong><a href=\"https:\/\/zeeg.me\/hebammemelanie\" target=\"_blank\" rel=\"noreferrer noopener\">hier<\/a><\/strong> online.<\/p>\n","protected":false},"excerpt":{"rendered":"<p>Die erste Zeit als Familie ist gepr\u00e4gt von gegenseitigem Kennenlernen und bringt viele Ver\u00e4nderungen mit sich.\u00a0 Als Hebamme gebe ich den Familien die ben\u00f6tigte Hilfestellung auf ihrem individuellen Weg und informiere zu aufkommenden Fragen, egal ob zum Stillen, zur S\u00e4uglingspflege oder der Elternrolle. Ich \u00fcberwache die Anpassung des Kindes an seine neue Lebensumgebung, sowie die &hellip; <a href=\"https:\/\/www.hebamme-melanie.de\/?page_id=39\" class=\"more-link\">Weiterlesen <span class=\"screen-reader-text\">Wochenbett<\/span><\/a><\/p>\n","protected":false},"author":1,"featured_media":340,"parent":0,"menu_order":0,"comment_status":"closed","ping_status":"closed","template":"","meta":{"footnotes":""},"class_list":["post-39","page","type-page","status-publish","has-post-thumbnail","hentry","with-featured-image"],"_links":{"self":[{"href":"https:\/\/www.hebamme-melanie.de\/index.php?rest_route=\/wp\/v2\/pages\/39","targetHints":{"allow":["GET"]}}],"collection":[{"href":"https:\/\/www.hebamme-melanie.de\/index.php?rest_route=\/wp\/v2\/pages"}],"about":[{"href":"https:\/\/www.hebamme-melanie.de\/index.php?rest_route=\/wp\/v2\/types\/page"}],"author":[{"embeddable":true,"href":"https:\/\/www.hebamme-melanie.de\/index.php?rest_route=\/wp\/v2\/users\/1"}],"replies":[{"embeddable":true,"href":"https:\/\/www.hebamme-melanie.de\/index.php?rest_route=%2Fwp%2Fv2%2Fcomments&post=39"}],"version-history":[{"count":7,"href":"https:\/\/www.hebamme-melanie.de\/index.php?rest_route=\/wp\/v2\/pages\/39\/revisions"}],"predecessor-version":[{"id":2233,"href":"https:\/\/www.hebamme-melanie.de\/index.php?rest_route=\/wp\/v2\/pages\/39\/revisions\/2233"}],"wp:featuredmedia":[{"embeddable":true,"href":"https:\/\/www.hebamme-melanie.de\/index.php?rest_route=\/wp\/v2\/media\/340"}],"wp:attachment":[{"href":"https:\/\/www.hebamme-melanie.de\/index.php?rest_route=%2Fwp%2Fv2%2Fmedia&parent=39"}],"curies":[{"name":"wp","href":"https:\/\/api.w.org\/{rel}","templated":true}]}}